{"id":2036,"date":"2015-08-12T13:09:08","date_gmt":"2015-08-12T13:09:08","guid":{"rendered":"http:\/\/www.fapricela.pt\/?page_id=2036"},"modified":"2019-10-02T11:48:50","modified_gmt":"2019-10-02T10:48:50","slug":"ambiente","status":"publish","type":"page","link":"https:\/\/www.fapricela.pt\/es\/qualidade\/ambiente\/","title":{"rendered":"Ambiente"},"content":{"rendered":"<div class=\"row \">\n<div class=\"span12 \"><img loading=\"lazy\" decoding=\"async\" width=\"250\" height=\"321\" class=\"alignright size-medium wp-image-2051\" style=\"height: 225px; width: 250px;\" src=\"http:\/\/www.fapricela.pt\/wp-content\/uploads\/2015\/08\/Ambiente_250.jpg\" alt=\"Ambiente_250\" srcset=\"https:\/\/www.fapricela.pt\/wp-content\/uploads\/2015\/08\/Ambiente_250.jpg 250w, https:\/\/www.fapricela.pt\/wp-content\/uploads\/2015\/08\/Ambiente_250-234x300.jpg 234w\" sizes=\"auto, (max-width: 250px) 100vw, 250px\" \/><\/p>\n<p style=\"text-align: justify;\">En sus m\u00e1s de 35 a\u00f1os de existencia, <b>Fapricela<\/b> ha procurado convivir en armon\u00eda con el ambiente que lo rodea, mejorando continuamente sus procesos y su cuidado ambiental, ya sea por elecci\u00f3n de tecnolog\u00edas respetuosas con el medio ambiente, ya sea por un cambio de actitud gradual y la conciencia ambiental de sus empleados. Todos los aspectos de protecci\u00f3n del medio ambiente se tienen en cuenta.<\/p>\n<p style=\"text-align: justify;\">Es un compromiso ineludible de <b>Fapricela<\/b> la prevenci\u00f3n de contaminaci\u00f3n, o impacto ambiental, que resulta de las actividades propias de su actividad. Se cumplen todos los requisitos legales y otros aspectos asumidos en la vertiente ambiental.<\/p>\n<p style=\"text-align: justify;\">Con el proposito de cumplir la exigencias ,obtuvo la licencia ambiental exigida por la Prevenci\u00f3n y Control Integrados de la Poluci\u00f3n, y se trabaja para el cumplimiento de todas las metas de la excelencia ambiental.<\/p>\n<p style=\"text-align: justify;\">De modo, que el trabajo en esta \u00e1rea, sea lo m\u00e1s eficiente posible, <b>Fapricela<\/b> ha sistematizado sus pr\u00e1cticas y procedimientos de gesti\u00f3n ambiental, para que se cumplan los requisitos de la Norma ISO 14001.<\/p><\/div>\n<\/div><!-- .row (end) -->\n<div class=\"content-page\"><\/div>","protected":false},"excerpt":{"rendered":"","protected":false},"author":100053844005,"featured_media":0,"parent":2032,"menu_order":0,"comment_status":"closed","ping_status":"closed","template":"page-fullwidth.php","meta":{"footnotes":""},"class_list":["post-2036","page","type-page","status-publish","hentry"],"_links":{"self":[{"href":"https:\/\/www.fapricela.pt\/es\/wp-json\/wp\/v2\/pages\/2036","targetHints":{"allow":["GET"]}}],"collection":[{"href":"https:\/\/www.fapricela.pt\/es\/wp-json\/wp\/v2\/pages"}],"about":[{"href":"https:\/\/www.fapricela.pt\/es\/wp-json\/wp\/v2\/types\/page"}],"author":[{"embeddable":true,"href":"https:\/\/www.fapricela.pt\/es\/wp-json\/wp\/v2\/users\/100053844005"}],"replies":[{"embeddable":true,"href":"https:\/\/www.fapricela.pt\/es\/wp-json\/wp\/v2\/comments?post=2036"}],"version-history":[{"count":48,"href":"https:\/\/www.fapricela.pt\/es\/wp-json\/wp\/v2\/pages\/2036\/revisions"}],"predecessor-version":[{"id":26851,"href":"https:\/\/www.fapricela.pt\/es\/wp-json\/wp\/v2\/pages\/2036\/revisions\/26851"}],"up":[{"embeddable":true,"href":"https:\/\/www.fapricela.pt\/es\/wp-json\/wp\/v2\/pages\/2032"}],"wp:attachment":[{"href":"https:\/\/www.fapricela.pt\/es\/wp-json\/wp\/v2\/media?parent=2036"}],"curies":[{"name":"wp","href":"https:\/\/api.w.org\/{rel}","templated":true}]}}

<div class="row ">
<div class="span12 "><img loading="lazy" decoding="async" width="250" height="321" class="alignright size-medium wp-image-2051" style="height: 225px; width: 250px;" src="http://www.fapricela.pt/wp-content/uploads/2015/08/Ambiente_250.jpg" alt="Ambiente_250" srcset="https://www.fapricela.pt/wp-content/uploads/2015/08/Ambiente_250.jpg 250w, https://www.fapricela.pt/wp-content/uploads/2015/08/Ambiente_250-234x300.jpg 234w" sizes="auto, (max-width: 250px) 100vw, 250px" /></p>
<p style="text-align: justify;">En sus más de 35 años de existencia, <b>Fapricela</b> ha procurado convivir en armonía con el ambiente que lo rodea, mejorando continuamente sus procesos y su cuidado ambiental, ya sea por elección de tecnologías respetuosas con el medio ambiente, ya sea por un cambio de actitud gradual y la conciencia ambiental de sus empleados. Todos los aspectos de protección del medio ambiente se tienen en cuenta.</p>
<p style="text-align: justify;">Es un compromiso ineludible de <b>Fapricela</b> la prevención de contaminación, o impacto ambiental, que resulta de las actividades propias de su actividad. Se cumplen todos los requisitos legales y otros aspectos asumidos en la vertiente ambiental.</p>
<p style="text-align: justify;">Con el proposito de cumplir la exigencias ,obtuvo la licencia ambiental exigida por la Prevención y Control Integrados de la Polución, y se trabaja para el cumplimiento de todas las metas de la excelencia ambiental.</p>
<p style="text-align: justify;">De modo, que el trabajo en esta área, sea lo más eficiente posible, <b>Fapricela</b> ha sistematizado sus prácticas y procedimientos de gestión ambiental, para que se cumplan los requisitos de la Norma ISO 14001.</p></div>
</div><!-- .row (end) -->
<div class="content-page"></div>
