{"id":2034,"date":"2015-08-12T13:08:44","date_gmt":"2015-08-12T13:08:44","guid":{"rendered":"http:\/\/www.fapricela.pt\/?page_id=2034"},"modified":"2020-10-02T12:07:44","modified_gmt":"2020-10-02T11:07:44","slug":"politica-da-qualidade","status":"publish","type":"page","link":"https:\/\/www.fapricela.pt\/es\/qualidade\/politica-da-qualidade\/","title":{"rendered":"Pol\u00edtica de Calidad"},"content":{"rendered":"<div class=\"row \">\n<div class=\"span12 \"><p style=\"text-align: justify;\"><strong>Fapricela, Industria de Trefilaria, S.A.<\/strong>, fundada en 1977, se dedica a la fabricaci\u00f3n de alambres y sus derivados, teniendo como base la utilizaci\u00f3n de materias primas de acero de Carbono.\n<\/p>\n<p style=\"text-align: justify;\">Hoy, <b>Fapricela, S.A.<\/b> produce para un mercado global, posicion\u00e1ndose como una de las empresas Europeas m\u00e1s din\u00e1micas de la Industria de la Trefilaria.<\/p>\n<p style=\"text-align: justify;\">Intentando mejorar continuamente los procedimientos de gesti\u00f3n, de modo que los productos superen las expectativas de nuestros clientes, <b>Fapricela, S.A.<\/b>, asume plenamente las responsabilidades sociales, econ\u00f3micas y ambientales; y para que el trabajo desemboque en un \u00e9xito con el que contribuyen tambi\u00e9n, trabajadores, poblaciones colindantes, accionistas y Estado.\n<\/p>\n<p style=\"text-align: justify;\">Los compromisos asumidos por <b>FAPRICELA \u2013 Industria de Trefilaria, S.A., son<\/b>:<\/p>\n<ul>\n<li style=\"text-align: justify;\">Mejorar continuamente sus procesos de gesti\u00f3n y a la par con una formaci\u00f3n constante de sus trabajadores;<\/li>\n<p><\/p>\n<li style=\"text-align: justify;\">Incentivar m\u00e1s y mejor la comunicaci\u00f3n integrada con sus clientes, de modo que sea m\u00e1s f\u00e1cil identificar sus necesidades y\/o expectativas;<\/li>\n<p><\/p>\n<li style=\"text-align: justify;\">Cumplir los requisitos de las normas NP EN ISSO 9001, y, de acuerdo con una visi\u00f3n estrat\u00e9gica, ampliar las certificaciones y homologaciones de sus productos en el mercado global;<\/li>\n<p><\/p>\n<li style=\"text-align: justify;\">La prevenci\u00f3n de la poluci\u00f3n resultante de las actividades de <b>Fapricela, S.A.<\/b>, y cumpliendo todos los requisitos legales y de otras formalizaciones asumidos en cuanto a calidad y de medio ambiente;<\/li>\n<p><\/p>\n<li style=\"text-align: justify;\">Promover un ambiente de trabajo saludable y fomentar el orgullo y la responsabilidad de todos los que trabajan para o en nombre de <b>Fapricela, S.A.<\/b> es una responsabilidad de todos ellos, asegurarse del cumplimiento de esta pol\u00edtica.<\/li>\n<p>\n<\/ul>\n<p style=\"text-align: justify; margin-top: 40px;\"><strong>LA ADMINISTRACION<\/strong><\/p>\n<p style=\"text-align: justify;\">27 de Febrero de 2018<\/p><\/div>\n<\/div><!-- .row (end) -->\n<div class=\"content-page\"><\/div>","protected":false},"excerpt":{"rendered":"","protected":false},"author":100053844005,"featured_media":0,"parent":2032,"menu_order":0,"comment_status":"closed","ping_status":"closed","template":"page-fullwidth.php","meta":{"footnotes":""},"class_list":["post-2034","page","type-page","status-publish","hentry"],"_links":{"self":[{"href":"https:\/\/www.fapricela.pt\/es\/wp-json\/wp\/v2\/pages\/2034","targetHints":{"allow":["GET"]}}],"collection":[{"href":"https:\/\/www.fapricela.pt\/es\/wp-json\/wp\/v2\/pages"}],"about":[{"href":"https:\/\/www.fapricela.pt\/es\/wp-json\/wp\/v2\/types\/page"}],"author":[{"embeddable":true,"href":"https:\/\/www.fapricela.pt\/es\/wp-json\/wp\/v2\/users\/100053844005"}],"replies":[{"embeddable":true,"href":"https:\/\/www.fapricela.pt\/es\/wp-json\/wp\/v2\/comments?post=2034"}],"version-history":[{"count":37,"href":"https:\/\/www.fapricela.pt\/es\/wp-json\/wp\/v2\/pages\/2034\/revisions"}],"predecessor-version":[{"id":32524,"href":"https:\/\/www.fapricela.pt\/es\/wp-json\/wp\/v2\/pages\/2034\/revisions\/32524"}],"up":[{"embeddable":true,"href":"https:\/\/www.fapricela.pt\/es\/wp-json\/wp\/v2\/pages\/2032"}],"wp:attachment":[{"href":"https:\/\/www.fapricela.pt\/es\/wp-json\/wp\/v2\/media?parent=2034"}],"curies":[{"name":"wp","href":"https:\/\/api.w.org\/{rel}","templated":true}]}}

Política de Calidad

<div class="row ">
<div class="span12 "><p style="text-align: justify;"><strong>Fapricela, Industria de Trefilaria, S.A.</strong>, fundada en 1977, se dedica a la fabricación de alambres y sus derivados, teniendo como base la utilización de materias primas de acero de Carbono.
</p>
<p style="text-align: justify;">Hoy, <b>Fapricela, S.A.</b> produce para un mercado global, posicionándose como una de las empresas Europeas más dinámicas de la Industria de la Trefilaria.</p>
<p style="text-align: justify;">Intentando mejorar continuamente los procedimientos de gestión, de modo que los productos superen las expectativas de nuestros clientes, <b>Fapricela, S.A.</b>, asume plenamente las responsabilidades sociales, económicas y ambientales; y para que el trabajo desemboque en un éxito con el que contribuyen también, trabajadores, poblaciones colindantes, accionistas y Estado.
</p>
<p style="text-align: justify;">Los compromisos asumidos por <b>FAPRICELA – Industria de Trefilaria, S.A., son</b>:</p>
<ul>
<li style="text-align: justify;">Mejorar continuamente sus procesos de gestión y a la par con una formación constante de sus trabajadores;</li>
<p></p>
<li style="text-align: justify;">Incentivar más y mejor la comunicación integrada con sus clientes, de modo que sea más fácil identificar sus necesidades y/o expectativas;</li>
<p></p>
<li style="text-align: justify;">Cumplir los requisitos de las normas NP EN ISSO 9001, y, de acuerdo con una visión estratégica, ampliar las certificaciones y homologaciones de sus productos en el mercado global;</li>
<p></p>
<li style="text-align: justify;">La prevención de la polución resultante de las actividades de <b>Fapricela, S.A.</b>, y cumpliendo todos los requisitos legales y de otras formalizaciones asumidos en cuanto a calidad y de medio ambiente;</li>
<p></p>
<li style="text-align: justify;">Promover un ambiente de trabajo saludable y fomentar el orgullo y la responsabilidad de todos los que trabajan para o en nombre de <b>Fapricela, S.A.</b> es una responsabilidad de todos ellos, asegurarse del cumplimiento de esta política.</li>
<p>
</ul>
<p style="text-align: justify; margin-top: 40px;"><strong>LA ADMINISTRACION</strong></p>
<p style="text-align: justify;">27 de Febrero de 2018</p></div>
</div><!-- .row (end) -->
<div class="content-page"></div>
