{"id":2034,"date":"2015-08-12T13:08:44","date_gmt":"2015-08-12T13:08:44","guid":{"rendered":"http:\/\/www.fapricela.pt\/?page_id=2034"},"modified":"2020-10-02T12:07:44","modified_gmt":"2020-10-02T11:07:44","slug":"politica-da-qualidade","status":"publish","type":"page","link":"https:\/\/www.fapricela.pt\/de\/qualidade\/politica-da-qualidade\/","title":{"rendered":"Qualit\u00e4tspolitik"},"content":{"rendered":"<div class=\"row \">\n<div class=\"span12 \"><p style=\"text-align: justify;\"><strong>Fapricela, Ind\u00fastria de Trefilaria, S.A.<\/strong> gegr\u00fcndet in 1977 widmet sich der Herstellung von Draht und seinen Derivaten, basierend auf der Verwendung von Rohstoffe aus Kohlenstoffstahl.\n<\/p>\n<p style=\"text-align: justify;\">Heutzutage produziert, <b>Fapricela, S.A.<\/b> f\u00fcr den Weltmarkt und positioniert ich als eines der dynamischsten europ\u00e4ischen Unternehmen der Drahtziehindustrie.<\/p>\n<p style=\"text-align: justify;\">Auf der Suche nach einer kontinuierlichen Verbesserung der eigenen Managementprozesse mit dem Ziel, dass die Produkte die Erwartungen der Kunden \u00fcbertreffen, \u00fcbernimmt <b>Fapricela, S.A.<\/b> ihre eigene soziale, wirtschaftliche und \u00f6kologische Verantwortung gegen\u00fcber all denen die zum Erfolg beitragen, einschlie\u00dflich Mitarbeitern, Aktion\u00e4ren, Nachbargemeinden und der Staat.\n<\/p>\n<p style=\"text-align: justify;\">Die wichtigsten Verpflichtungen von <b>Fapricela \u2013 Ind\u00fastria de Trefilaria, S.A.<\/b> sind:<\/p>\n<ul>\n<li style=\"text-align: justify;\">Kontinuierliche Verbesserung der Managementprozesse, st\u00e4ndige Weiterbildung der Mitarbeiter, Festigung der St\u00e4rken, Identifizierung der Schwachpunkte \/ Bedrohungen, um diese zu verbessern;<\/li>\n<p><\/p>\n<li style=\"text-align: justify;\">F\u00f6rderung von mehr und besserer Kommunikation mit seinen Kunden, um deren Bed\u00fcrfnisse zu erkennen und Erwartungen zu \u00fcbertreffen;<\/li>\n<p><\/p>\n<li style=\"text-align: justify;\">Erf\u00fcllung der Anforderungen der Normen NP EN ISO 901 und gem\u00e4\u00df einer strategischen Vision, die Erweiterung der Zertifizierungen und Zulassungen seiner Produkte auf dem globalen Markt;<\/li>\n<p><\/p>\n<li style=\"text-align: justify;\">Vermeidung der durch die Aktivit\u00e4ten von <b>Fapricela, S.A.<\/b> verursachten Umweltverschmutzungen und die Erf\u00fcllung aller gesetzlichen oder sonstigen Anforderungen in Bezug auf Qualit\u00e4t und Umwelt;<\/li>\n<p><\/p>\n<li style=\"text-align: justify;\">F\u00f6rderung einer gesunden Arbeitsumgebung, die das pers\u00f6nliche Engagement und Verantwortung aller Personen die f\u00fcr oder im Namen von <b>Fapricela, S.A.<\/b> arbeiten, f\u00f6rdert, so dass jeder einzelne von Ihnen bei den t\u00e4glichen Ausf\u00fchrungen der allt\u00e4glichen Aufgaben die Erf\u00fcllung dieser Politik sichert.<\/li>\n<p>\n<\/ul>\n<p style=\"text-align: justify; margin-top: 40px;\"><strong>DIE VERWALTUNG<\/strong><\/p>\n<p style=\"text-align: justify;\">27. Februar 2018<\/p><\/div>\n<\/div><!-- .row (end) -->\n<div class=\"content-page\"><\/div>","protected":false},"excerpt":{"rendered":"","protected":false},"author":100053844005,"featured_media":0,"parent":2032,"menu_order":0,"comment_status":"closed","ping_status":"closed","template":"page-fullwidth.php","meta":{"footnotes":""},"class_list":["post-2034","page","type-page","status-publish","hentry"],"_links":{"self":[{"href":"https:\/\/www.fapricela.pt\/de\/wp-json\/wp\/v2\/pages\/2034","targetHints":{"allow":["GET"]}}],"collection":[{"href":"https:\/\/www.fapricela.pt\/de\/wp-json\/wp\/v2\/pages"}],"about":[{"href":"https:\/\/www.fapricela.pt\/de\/wp-json\/wp\/v2\/types\/page"}],"author":[{"embeddable":true,"href":"https:\/\/www.fapricela.pt\/de\/wp-json\/wp\/v2\/users\/100053844005"}],"replies":[{"embeddable":true,"href":"https:\/\/www.fapricela.pt\/de\/wp-json\/wp\/v2\/comments?post=2034"}],"version-history":[{"count":37,"href":"https:\/\/www.fapricela.pt\/de\/wp-json\/wp\/v2\/pages\/2034\/revisions"}],"predecessor-version":[{"id":32524,"href":"https:\/\/www.fapricela.pt\/de\/wp-json\/wp\/v2\/pages\/2034\/revisions\/32524"}],"up":[{"embeddable":true,"href":"https:\/\/www.fapricela.pt\/de\/wp-json\/wp\/v2\/pages\/2032"}],"wp:attachment":[{"href":"https:\/\/www.fapricela.pt\/de\/wp-json\/wp\/v2\/media?parent=2034"}],"curies":[{"name":"wp","href":"https:\/\/api.w.org\/{rel}","templated":true}]}}

Qualitätspolitik

<div class="row ">
<div class="span12 "><p style="text-align: justify;"><strong>Fapricela, Indústria de Trefilaria, S.A.</strong> gegründet in 1977 widmet sich der Herstellung von Draht und seinen Derivaten, basierend auf der Verwendung von Rohstoffe aus Kohlenstoffstahl.
</p>
<p style="text-align: justify;">Heutzutage produziert, <b>Fapricela, S.A.</b> für den Weltmarkt und positioniert ich als eines der dynamischsten europäischen Unternehmen der Drahtziehindustrie.</p>
<p style="text-align: justify;">Auf der Suche nach einer kontinuierlichen Verbesserung der eigenen Managementprozesse mit dem Ziel, dass die Produkte die Erwartungen der Kunden übertreffen, übernimmt <b>Fapricela, S.A.</b> ihre eigene soziale, wirtschaftliche und ökologische Verantwortung gegenüber all denen die zum Erfolg beitragen, einschließlich Mitarbeitern, Aktionären, Nachbargemeinden und der Staat.
</p>
<p style="text-align: justify;">Die wichtigsten Verpflichtungen von <b>Fapricela – Indústria de Trefilaria, S.A.</b> sind:</p>
<ul>
<li style="text-align: justify;">Kontinuierliche Verbesserung der Managementprozesse, ständige Weiterbildung der Mitarbeiter, Festigung der Stärken, Identifizierung der Schwachpunkte / Bedrohungen, um diese zu verbessern;</li>
<p></p>
<li style="text-align: justify;">Förderung von mehr und besserer Kommunikation mit seinen Kunden, um deren Bedürfnisse zu erkennen und Erwartungen zu übertreffen;</li>
<p></p>
<li style="text-align: justify;">Erfüllung der Anforderungen der Normen NP EN ISO 901 und gemäß einer strategischen Vision, die Erweiterung der Zertifizierungen und Zulassungen seiner Produkte auf dem globalen Markt;</li>
<p></p>
<li style="text-align: justify;">Vermeidung der durch die Aktivitäten von <b>Fapricela, S.A.</b> verursachten Umweltverschmutzungen und die Erfüllung aller gesetzlichen oder sonstigen Anforderungen in Bezug auf Qualität und Umwelt;</li>
<p></p>
<li style="text-align: justify;">Förderung einer gesunden Arbeitsumgebung, die das persönliche Engagement und Verantwortung aller Personen die für oder im Namen von <b>Fapricela, S.A.</b> arbeiten, fördert, so dass jeder einzelne von Ihnen bei den täglichen Ausführungen der alltäglichen Aufgaben die Erfüllung dieser Politik sichert.</li>
<p>
</ul>
<p style="text-align: justify; margin-top: 40px;"><strong>DIE VERWALTUNG</strong></p>
<p style="text-align: justify;">27. Februar 2018</p></div>
</div><!-- .row (end) -->
<div class="content-page"></div>
